factors of 2/k - (-5)/(20/58).
3, 5
Suppose 294777 = -7*a - 56*a + 2471175. What are the prime factors of a?
2, 23, 751
Suppose 0 = -3*t - 3*n - 2211, -t + n = 4*n + 727. Let d be (-10)/(-15) - t/3. Suppose -3*y + 4*j = -211, 4*y + 0*j = -3*j + d. List the prime factors of y.
5, 13
Let o = -110 - -115. Suppose -534 = -38*t + 37*t + o*s, -2*s + 1092 = 2*t. List the prime factors of t.
2, 17
Let a(q) = 140 - 267 + 139 + 84*q. List the prime factors of a(2).
2, 3, 5
Let j be 598/22 + 8/(-44). Let p(k) = -8 - 6*k - 4 + 2 - j*k. What are the prime factors of p(-4)?
2, 61
Suppose 5*c - 802 = -3*s, -4*c - 1048 = -5*s + s. List the prime factors of (-2205)/(-6)*(-10 - s/(-18)).
5, 7
Suppose 4*n = 8*n + 6*w + 3782, -5*w = -5*n - 4665. Let l = n + 1655. List the prime factors of l.
3, 239
Suppose 0*k + 30 = 3*k + 5*l, 0 = -k + 2*l + 10. Suppose 3*s = 4*v - 20, 5*v + s - k = 3*v. Suppose v*d + 5 - 200 = 0. What are the prime factors of d?
3, 13
Let w = 6805 + -6650. List the prime factors of w.
5, 31
Let w(l) = -2*l**2 + 3*l**2 - 6*l**2 - l + 257 - 244. Let c be w(3). Let j = c + 88. What are the prime factors of j?
53
Suppose 93*f - 964450 - 367676 = -69*f. What are the prime factors of f?
3, 2741
Let g be -8 + 10 - (0 + 4). Let a(y) = y - 53*y + 1 - 5. What are the prime factors of a(g)?
2, 5
What are the prime factors of 1731925/195 - 2/1 - (-1)/3?
2, 3, 5, 37
Suppose 0 = -2*s - 27 + 35. Suppose 405 = 4*p + 2*w - 1433, -4*w = -s*p + 1808. List the prime factors of p.
457
List the prime factors of (-101415)/((-30)/6)*6/18.
6761
Let v = -16 + 21. Suppose -2*t + 3*n - 1038 = -5*t, v*t - 2*n = 1702. Suppose -6*f + t = 120. List the prime factors of f.
37
Let u(f) = 15333*f + 2016. What are the prime factors of u(5)?
3, 26227
Let v = 104563 - 64510. List the prime factors of v.
3, 13, 79
Let r = -259 - -448. Suppose 6041 = -r*y + 196*y. List the prime factors of y.
863
Suppose 108 = 4*c - 5*l, -2*c + 4*l + 108 = 2*c. Let r = -31 + c. List the prime factors of r/6*(-214 + -2).
2, 3
Let s(i) = 25*i + 81*i**2 - 7 - 82*i**2 - 1 + 17*i. What are the prime factors of s(11)?
3, 37
What are the prime factors of (5215/28 + -7 + 8/4)*100?
5, 29
Let k = 44243 - 3558. List the prime factors of k.
5, 79, 103
Let t(g) = -g**3 + 82*g**2 + 55*g + 166. What are the prime factors of t(77)?
2, 29, 587
Let h = 163 + -207. List the prime factors of h/(-198) + 12038/18.
3, 223
Suppose -412*s + 6885097 - 686519 = -223678. List the prime factors of s.
2, 3, 433
Let c = -51033 - -89895. List the prime factors of c.
2, 3, 17, 127
Let o = -781 + 828. Suppose 3*m - 2*q = 2, 0 = -5*q - 5 - 0. List the prime factors of (m/3 - -1) + o.
2, 3
Suppose -c = 5*n - 6*c - 385, 5*n - 2*c - 373 = 0. Suppose n = -3*j + 1462. What are the prime factors of j?
463
List the prime factors of (0 - -24 - 8)*(-36532)/(-8).
2, 9133
Let h(j) = -j**2 + 1. Let s(q) = 6*q**3 + q**2 - 4. Let r(m) = 6*h(m) + s(m). What are the prime factors of r(6)?
2, 13, 43
Suppose 0 = 18*c + 2 + 16. Let x(j) = -527*j - 11. What are the prime factors of x(c)?
2, 3, 43
Let u = 94 - 94. Suppose -5*m + 800 = -u*h - 5*h, -5*m - 520 = 3*h. Let q = -92 - h. List the prime factors of q.
73
Let r = 3777 - 2378. List the prime factors of r.
1399
Let k(v) = -v + 3. Let s be k(1). Let b be (-2 + s + -20)*(-6)/(-15). What are the prime factors of (b - -171) + 2 + -1?
2, 41
Suppose -b - 1249*h + 38806 = -1251*h, -5*b + 194126 = 2*h. What are the prime factors of b?
2, 7, 47, 59
Suppose 5*f - 4*a = 23, 4*f - 2 = 2*a + 14. Let k(b) = 6*b**3 - b**2 - 3*b + 3. What are the prime factors of k(f)?
3, 7
Let o = -2871 + 9979. List the prime factors of o.
2, 1777
Suppose -277*l + 96667 - 425977 = -322*l. What are the prime factors of l?
2, 3659
Suppose -4*p - 5*n = -64, 7 + 1 = -2*n. Let u be ((-20)/6)/((-14)/p). Suppose -5*j = -u*s + 475, 2*j - 314 = -4*s + 96. List the prime factors of s.
2, 5
Let s(h) = -211*h + 595. What are the prime factors of s(-16)?
11, 19
Let y(h) = 46*h**2 - 105*h - 8. What are the prime factors of y(27)?
47, 653
Let g = 2419 - 619. Suppose 57*y = 61*y - g. What are the prime factors of y?
2, 3, 5
Let a be (-51308)/(-20) - 2/5. Suppose k = 5*q - a, -614 + 115 = -q + 3*k. List the prime factors of q.
2, 257
Suppose -5338 = 32*f - 61082. Let j = -1031 + f. List the prime factors of j.
3, 79
Suppose 0 = 4*h - 8, -2 = -2*k - 7*h + 8*h. Suppose -376 = -3*u + 5*w, 4*w - 331 = -u - k*u. List the prime factors of u.
3, 13
Suppose 3*w + 242 = -3*i + 7*i, 0 = -5*i + 5*w + 300. Let x = i + 46. What are the prime factors of x?
2, 3
Let k(h) = 38*h + 95. Let r(g) = -114*g - 286. Let c(i) = -10*k(i) - 3*r(i). List the prime factors of c(-7).
2, 3, 29
Suppose 8*v - 5*v - 2077 = t, 3*v - 2*t - 2072 = 0. List the prime factors of v.
2, 347
Let z(c) = 26*c - 102. Let n be z(5). Let m(t) = 45*t - 291. What are the prime factors of m(n)?
3, 17, 19
Let b = -26288 - -41378. What are the prime factors of b?
2, 3, 5, 503
Let i(r) = -330*r**2 - 7*r - 12. Let l be i(-2). Let k = -769 - l. List the prime factors of k.
3, 61
Let j(f) be the first derivative of 8*f**3/3 - 5*f**2/2 + 7*f - 1001. Let w(m) = m**2 + 7*m + 9. Let u be w(-6). List the prime factors of j(u).
2
List the prime factors of (504/(-60))/((-3)/((-90)/(-24)*3166)).
3, 7, 1583
List the prime factors of (-6)/(-6)*(-25 - -51332).
51307
Let r = -22277 - -63678. List the prime factors of r.
19, 2179
Suppose 24*x + 336352 = 70*x. What are the prime factors of x?
2, 457
List the prime factors of 57184/(20/150*15).
2, 1787
Suppose 18*f - 13014 = 7020. Let w = 49 + f. What are the prime factors of w?
2, 7, 83
Suppose 0 = -p - 4*k + 3, -3 = -26*p + 25*p + 2*k. Suppose -4*r = -p*x + 3081, -2*x - 2*r - 500 + 2540 = 0. What are the prime factors of x?
3, 11, 31
Suppose 58 = -3*z - k, -z + 4*z - k = -56. Let n(d) = 6*d + 37. Let o be n(z). Let f = o - -139. What are the prime factors of f?
2, 31
Let n = 3388 + 2430. List the prime factors of n.
2, 2909
Suppose 3*q = b - 43452, 0 = -4*b + 14*q - 13*q + 173764. List the prime factors of b.
2, 3, 5, 181
Suppose 3 - 15 = 12*l. Let h be (l - -10*14)*1. Suppose -44 = 5*p - h. What are the prime factors of p?
19
What are the prime factors of 8/(30898/(-3864) - -8)?
2, 3, 23
Let v = 84 + -80. Suppose 2735 = 3*j + 2*j - p, -j + 547 = v*p. Suppose 4*w - j + 53 = -2*l, 2*w - 3*l - 243 = 0. List the prime factors of w.
3, 41
Let j be ((-60)/25)/(10/(-12175)). Let v = -1739 + j. What are the prime factors of v?
7, 13
Let s = 60 + -60. Suppose -13*o + 0 - 13 = s. List the prime factors of 1*o/(-2) + 628/8.
79
Let z(p) = 5*p**3 + p**2 + 4*p - 44. Let n(d) = 9*d - 93. Let j be n(11). List the prime factors of z(j).
2, 137
Let q be 1805/(-15) - 2/(-6). Let m = 50 + q. Let n = m - -132. What are the prime factors of n?
2, 31
Suppose 634 = 5*q - 36. Let w = q + 116. List the prime factors of w.
2, 5
Suppose 5811 = 5*h + 12*q - 13*q, 5*q = -30. What are the prime factors of h?
3, 43
Let q(b) be the first derivative of 107*b**2/2 + 82*b + 122. What are the prime factors of q(6)?
2, 181
Suppose 103*h - 100*h = -240. List the prime factors of (h/(-6))/((-12)/(-1476)).
2, 5, 41
Let q(f) = 3*f - 9. Let w be q(13). Let y = 802 - 388. List the prime factors of (-20)/w*y/(-4).
3, 23
Let p = 16360 + -8621. What are the prime factors of p?
71, 109
Let t(k) = 14*k**2 - 371*k + 6. What are the prime factors of t(45)?
3, 13, 23
Suppose -3*y - 15 = -3*a, 2*a + 2*y + 3 - 1 = 0. Suppose h - a = -2*v - 4*h, 5*v + 3*h = 24. Suppose v*f + 3 = 171. What are the prime factors of f?
2, 7
Let y = 49087 + 18692. List the prime factors of y.
3, 17, 443
Let d(u) be the second derivative of u**4/6 + u**3/3 + u**2 - 17*u. Let j be d(-2). Suppose -2*m - j = -188. What are the prime factors of m?
7, 13
Let y(s) be the first derivative of s**4/4 + 4*s**3 + 7*s**2/2 - 14*s - 2. Let b = -407 - -396. What are the prime factors of y(b)?
2, 3, 5
Suppose -57153 = -16*r - 26621 + 72076. List the prime factors of r.
11, 53
Let n(j) = -42*j + 8*j + 7 - 51*j - 62 + 17*j. List the prime factors of n(-6).
353
Suppose 4*i + 29 = -0*n + n, -2*n + 5*i + 58 = 0. Let r = 35 - n. Suppose j - r*j = w - 253, 0 = 3*j - 2*w - 144. List the prime factors of j.
2, 5
Let a = -34992 - -69369. List the prime factors